3*z = 0, 3*x - 3*z - p = 1. Suppose -1832 = -4*w + 3*w + f, -2*w - x*f = -3684. Is w prime?
False
Let t(i) = 5*i - 24. Let z be t(6). Suppose -z*k = -5*a - 3*k - 23405, -a + 5*k = 4703. Let q = a - -6881. Is q prime?
True
Let d(x) = 185935*x + 16986. Is d(5) prime?
True
Is (-6)/15*1/((-4)/51470) a composite number?
False
Let m = -180779 - -262370. Is m a prime number?
False
Is 696/464*1/3*394798 composite?
True
Suppose -5*w - 2*h + 41135 = 641, 0 = -5*h + 10. Suppose -5*k + w = -3*k. Is k a prime number?
True
Let t be (-381046064)/504 - (11/9 - 1). Is 0 + t/(-44) - 2/(-11) a prime number?
True
Let n(s) = -8*s - 56. Let p be n(-8). Is 519102/(-72)*p/(-6) prime?
True
Let g be -9 + 2 - (1 - 5347). Let t = -1924 + g. Is t composite?
True
Let a(y) = -19936*y + 133. Is a(-10) composite?
True
Let k be 680 - (1*-4)/(-2). Let a = -154 + 159. Suppose -4*d + 6*d - k = 4*y, 4*d + a*y - 1330 = 0. Is d composite?
True
Suppose -2*v + 5*r = 21, -17 - 3 = -4*r. Suppose -v*o + 5*q = 3*o + 950, -q = -5*o - 954. Let l = o - -1158. Is l composite?
False
Suppose 75*m - 79*m - 2*h = -7371588, 7371584 = 4*m + 3*h. Is m a prime number?
True
Let c be 1 + 189265/15 - (-6)/18. Suppose 0 = 7*s - c - 1024. Is s composite?
False
Suppose z - 2*g - 65 = 0, -2*z - 144 = -4*z - 3*g. Is ((-1)/1)/((-6)/326)*z composite?
True
Let x = -245602 - -750729. Is x prime?
False
Let p(a) = -62*a**2 + 3*a - 34. Let f(j) = 61*j**2 - 4*j + 34. Let g(u) = -4*f(u) - 5*p(u). Is g(-7) a composite number?
True
Suppose -48*j + 72 = -36*j. Suppose -j*c + 37914 = 10116. Is c composite?
True
Let m be 6 + -3 + (-3 - 0). Suppose -f = -m*f. Suppose 4*q + f*q - 2*u = 4718, -5*q = -5*u - 5890. Is q prime?
True
Let a be 1193 + 3 + -5 - -2*1. Suppose 3*m = -j + a, -730 - 473 = -j - 5*m. Let y = j + -837. Is y composite?
True
Suppose 70136 = -9*m + 264923. Is m a composite number?
True
Suppose -100406568 - 182455389 = -120*c - 99847197. Is c composite?
False
Let n = -44858 - -116445. Is n prime?
False
Suppose 16*z = 68 + 44. Suppose -z*o - 532 = -p - 6*o, -2*o = 10. Is p composite?
True
Suppose 2*o + o + 12 = -j, 2*j = -5*o - 19. Suppose 0 = -3*d + j, 0*b - d + 804 = b. Is 3/(-3)*3 - -8*b a composite number?
False
Let g be 1/(-3) - (-15880)/3. Suppose 4*z - 303 - g = 0. Is z composite?
False
Let a = -45 + 47. Suppose -a*q = -10, -5 = -u - 3*q + 2*q. Suppose u = 2*v + v - 678. Is v composite?
True
Is (1 + -2)/((-236466)/827582 - 96/(-336)) composite?
False
Suppose -p = -3 + 6. Let z(h) = -14*h**3 + 13*h + 20. Let n(o) = -9*o**3 + 9*o + 13. Let f(c) = 8*n(c) - 5*z(c). Is f(p) composite?
False
Let n be -1*((-5 - (-9)/3) + -3). Is (30/(-4))/n*3284/(-3) a composite number?
True
Is (-456028)/(-1) - (-1)/(-14)*70 prime?
True
Let d(n) be the third derivative of 11*n**2 + 1/6*n**3 + 0 + 7/30*n**5 + 1/3*n**4 + 0*n. Is d(-7) a prime number?
True
Let j = 7699 - 3565. Let a = j - 911. Is a a composite number?
True
Suppose d = -2*a - 5366, -7*d - 2669 = a - 10*d. Let p = -1802 - a. Is p composite?
True
Let w(z) = 40*z + 14*z + 8*z + 23*z - 64. Is w(9) a prime number?
True
Let z be 87/15 + 3*2/30. Let d be 54/45*220/z + 3. Let q = -26 + d. Is q prime?
False
Let g(n) = -n**2 - 4*n + 6. Let l be g(-9). Let o be (-6)/8*(-13)/(l/(-8)). Suppose a - r = 546, -2*r = o*r + 4. Is a composite?
True
Let y(m) = 4 + 333*m**2 + 0 + 5*m + 2215*m**2 - 176*m**2. Is y(-1) composite?
False
Let x(u) = -2*u - 14 + 6*u - 6 - 6*u. Let p be x(-12). Is p/10 - 6165/(-25) prime?
False
Let a = -5423 - -36780. Is a a composite number?
False
Let j(l) = 2*l**2 - 10*l + 15. Let d(a) = -3*a**3 + 5*a**2 - 7*a + 5. Let x be d(2). Let n be (x/(-39))/(1/27). Is j(n) a prime number?
False
Let n(s) = 199*s**2 + s - 2. Let m be n(-2). Suppose -2*b = 0, 2*b + 2255 = -5*q + 3*b. Let i = q + m. Is i a composite number?
True
Suppose 5*m - 100745 - 59747 = 99223. Is m composite?
True
Let j be 42/(-14)*4/6 + 3. Let t = 3 + 11. Is 2/j + 6678/t a prime number?
True
Suppose 3*a = -137 + 158. Suppose 0 = -4*f - 4*u + 52, 4*f + u - 33 = 10. Is (f - a)*(-993)/(-9) a composite number?
False
Suppose -7*j + 32685876 = 299*j - 361818. Is j a composite number?
False
Suppose -245488 = -23*v - 53139. Is v a composite number?
False
Suppose 916*l - 918*l - 3*a = -25328, -5*l = 4*a - 63313. Is l composite?
True
Let t = -15 - -20. Suppose 12*q - 469 = t*q. Suppose -5*u + 528 = -q. Is u prime?
False
Suppose 43*m - 11*m - 2982752 = 0. Is m a composite number?
True
Suppose -3*c + 35486 = x + 6211, 0 = -3*x - 5*c + 87809. Is x a prime number?
False
Suppose 69 + 45 = 2*g. Suppose g*l = 47*l + 39890. Is l prime?
True
Let f(w) = -16*w - 227*w**3 - 8*w - 76*w**2 + 167 + 225*w**3 - 7 - 27. Is f(-39) prime?
True
Let a = 37551 + 7288. Is a prime?
True
Suppose -7*h + 179444 = -3*h. Let z = -31950 + h. Is z a composite number?
False
Let h(d) be the second derivative of 523*d**3/6 - 33*d**2/2 + d + 4. Is h(8) prime?
False
Suppose 0 = -7*p + 2*p - 1670. Let o = p + 659. Let k = o - -52. Is k a composite number?
True
Let a(m) = -3*m + 13. Let h be a(3). Suppose 2*i - 9834 = -h*i. Suppose 9*p - i = 8*p. Is p composite?
True
Suppose 4*q + 88 = -4*t, t + 0*q + 30 = 3*q. Let o be (-6856)/t - 2/3. Let n = o + 668. Is n composite?
False
Let u(j) = 30*j + 365. Let p be u(-12). Suppose 3*a = 4*i + 5347 - 2156, p*i + 1071 = a. Is a composite?
False
Suppose -w = -5*p - 318846, -31*w + 29*w - 3*p + 637653 = 0. Is w a prime number?
False
Suppose 16*n - 2918331 = -616523. Is n composite?
True
Suppose -305*x + 125851676 = -213*x. Is x composite?
False
Suppose -5*j = -4*s + 627272 + 330948, 239555 = s + 3*j. Is s a composite number?
True
Let y(a) be the second derivative of a**6/120 - a**5/30 + a**4/8 - a**3 + 15*a**2 - 23*a. Let g(o) be the first derivative of y(o). Is g(4) a prime number?
False
Is (-3)/(15/(-233095)) - 350/35 a prime number?
False
Let b = 50 - 48. Suppose 7*o = 8*o - r - 168, 0 = -4*o + b*r + 670. Suppose f - 228 = -5*c, -2*f - c = -578 + o. Is f a composite number?
True
Is -6 + (-626850)/(-74) + (-8)/(-148) composite?
True
Is ((-12 - -38)/((-13)/((-960869)/(-14))))/(-1) a composite number?
True
Let v(d) = 14*d - 8. Let s(q) = 28*q - 15. Let l(r) = -2*s(r) + 5*v(r). Let p be l(1). Suppose -p*c = 3*o - 3607, -2*o + 3*c - 5 = -2404. Is o composite?
False
Let b(m) = 76*m**3 - 22*m**2 + 43*m + 139. Is b(14) composite?
False
Suppose 12*o = 10*o + 10, -3*o + 15 = 5*c. Suppose 0 = -x + 2*q - c*q + 2297, 11455 = 5*x + 5*q. Is x composite?
False
Let a(t) = -592*t - 13. Let p = -108 + 31. Let i be (1/(-3) - p/33) + -4. Is a(i) prime?
True
Let u(b) be the second derivative of -383*b**3/3 - 465*b**2/2 + 32*b + 4. Is u(-23) composite?
True
Let t(w) = w + 21. Let c be t(-6). Suppose c*i - 12085 = 10*i. Is i a prime number?
True
Let x be ((-11)/33)/((-1)/(-12))*2. Let m(q) be the third derivative of q**5/60 - q**4/4 + 5*q**3/2 + q**2. Is m(x) a composite number?
False
Is (69/(-9) + 8)/((-2)/(-1678074)) a prime number?
True
Let g be (10/4)/(1/6) - 1. Suppose -g*f - 63621 = -23*f. Is f a prime number?
True
Let z(a) = 284*a + 157. Let t = 846 - 825. Is z(t) prime?
True
Let s(j) = j**3 + 148*j**2 + 448441. Is s(0) a composite number?
True
Let d(q) = 45*q**2 - 16*q + 115. Let j be (-219)/18*2 - 21/(-63). Is d(j) prime?
False
Suppose 3*z - c = -2, z - c = -0*z. Let l be -1 + (-6 - -4 - z). Is (-1 + l/8)/(16/(-448)) a composite number?
True
Suppose 4*s + 8*j - 20 = 3*j, s = 5*j - 20. Suppose s = -49*x + 50*x - 1361. Is x a composite number?
False
Let q(o) = o**3 + 108*o**2 - 31*o + 1535. Is q(-71) prime?
False
Let v(t) = -269*t**3 + 4*t**2 - 5*t + 16. Let k be v(4). Let y = k - -43209. Is y prime?
True
Suppose -7*v + 5*n - 12095 = -9*v, 3*n = -15. Let k = v + -4249. Is k a prime number?
True
Suppose 2*n + 1 = 2*b - 5*b, 0 = -2*b - 6. Let w be n + -1 + -7 - 2. Is (-194)/3*(w + (-18)/12) a composite number?
True
Let t(c) = -12*c**3 + 11*c**2 - 4*c + 42. Let p(w) = -6*w**3 + 5*w**2 - 2*w + 21. Let q(f) = 7*p(f) - 3*t(f). Is q(-4) prime?
False
Let g(r) = -52*r + 239. Let y(q) = 104*q - 478. Let h(z) = -9*g(z) - 4*y(z). Is h(25) a composite number?
False
Suppose -4*b - 2*b - 192 = 0. Let k be 2/7 - (2 + b/(-14)). Is ((-21200)/5)/k - -1 a prime number?
True
Let i = -1550 + 292. Let z = i - -3827. Is z a prime number?
Fa